ate the remainder when 2661581 is divided by 45.
11
Calculate the remainder when 2658669 is divided by 11218.
3
What is the remainder when 254370 is divided by 4800?
4770
Calculate the remainder when 1360143 is divided by 4964.
7
Calculate the remainder when 378996 is divided by 2461.
2
Calculate the remainder when 7810395 is divided by 954.
951
What is the remainder when 204706 is divided by 2181?
1873
What is the remainder when 628988 is divided by 174?
152
What is the remainder when 10728044 is divided by 36?
8
What is the remainder when 218447 is divided by 1438?
1309
What is the remainder when 60553 is divided by 3792?
3673
Calculate the remainder when 308611 is divided by 3546.
109
What is the remainder when 38139 is divided by 12713?
0
What is the remainder when 5757403 is divided by 2794?
1763
What is the remainder when 24913042 is divided by 58?
12
What is the remainder when 128476 is divided by 981?
946
Calculate the remainder when 637990 is divided by 705.
670
Calculate the remainder when 710523 is divided by 5872.
11
Calculate the remainder when 23133 is divided by 21367.
1766
Calculate the remainder when 217372 is divided by 108671.
30
Calculate the remainder when 17047 is divided by 2824.
103
What is the remainder when 7939397 is divided by 605?
587
Calculate the remainder when 320848 is divided by 106943.
19
What is the remainder when 5632823 is divided by 275?
273
What is the remainder when 3210398 is divided by 267?
257
What is the remainder when 97051 is divided by 19029?
1906
Calculate the remainder when 954499 is divided by 1219.
22
What is the remainder when 276198 is divided by 622?
30
Calculate the remainder when 955888 is divided by 955860.
28
What is the remainder when 151135946 is divided by 50?
46
What is the remainder when 57405612 is divided by 434?
432
Calculate the remainder when 4140993 is divided by 1380315.
48
What is the remainder when 2147790 is divided by 5?
0
What is the remainder when 103427 is divided by 9323?
874
What is the remainder when 340154 is divided by 178?
174
Calculate the remainder when 444299 is divided by 1214.
1189
Calculate the remainder when 65700 is divided by 19005.
8685
Calculate the remainder when 52637 is divided by 85.
22
What is the remainder when 5758327 is divided by 2615?
97
Calculate the remainder when 6661 is divided by 412.
69
What is the remainder when 2776361 is divided by 1388179?
3
Calculate the remainder when 4480951 is divided by 227.
198
What is the remainder when 1617489 is divided by 231063?
48
What is the remainder when 8253929 is divided by 153?
38
Calculate the remainder when 13868769 is divided by 4.
1
Calculate the remainder when 579736 is divided by 976.
968
What is the remainder when 14541039 is divided by 94?
85
What is the remainder when 18323726 is divided by 99?
14
Calculate the remainder when 10033 is divided by 7981.
2052
Calculate the remainder when 37732258 is divided by 1590.
1558
Calculate the remainder when 152110 is divided by 386.
26
Calculate the remainder when 44052 is divided by 10908.
420
Calculate the remainder when 4691 is divided by 1199.
1094
What is the remainder when 2751683 is divided by 156?
155
Calculate the remainder when 546420 is divided by 3768.
60
What is the remainder when 2905339 is divided by 126310?
209
Calculate the remainder when 28062 is divided by 823.
80
What is the remainder when 351500 is divided by 32?
12
Calculate the remainder when 3374170 is divided by 1687013.
144
What is the remainder when 20650491 is divided by 37?
14
What is the remainder when 31993 is divided by 1518?
115
What is the remainder when 57334 is divided by 1062?
1048
What is the remainder when 23029979 is divided by 23029976?
3
Calculate the remainder when 538540 is divided by 48522.
4798
Calculate the remainder when 199248 is divided by 3620.
148
What is the remainder when 15124721 is divided by 951?
17
What is the remainder when 4680870 is divided by 25576?
462
Calculate the remainder when 1045 is divided by 1033.
12
Calculate the remainder when 257870 is divided by 7362.
200
What is the remainder when 100351006 is divided by 912?
910
Calculate the remainder when 1332733 is divided by 222109.
79
Calculate the remainder when 1480914 is divided by 4889.
4436
Calculate the remainder when 12612016 is divided by 12092.
60
What is the remainder when 97772 is divided by 1656?
68
Calculate the remainder when 983506 is divided by 109.
108
What is the remainder when 10527932 is divided by 1169763?
65
What is the remainder when 18252421 is divided by 9126201?
19
What is the remainder when 108470793 is divided by 1049?
1046
Calculate the remainder when 622328 is divided by 622315.
13
What is the remainder when 410032 is divided by 37273?
29
Calculate the remainder when 62475 is divided by 15525.
375
What is the remainder when 1097753 is divided by 3612?
3317
What is the remainder when 81057 is divided by 1530?
1497
Calculate the remainder when 2389325 is divided by 796413.
86
What is the remainder when 42573882 is divided by 14191290?
12
Calculate the remainder when 246601803 is divided by 33.
30
Calculate the remainder when 202175 is divided by 38607.
9140
Calculate the remainder when 420453 is divided by 1096.
685
Calculate the remainder when 637259 is divided by 6114.
1403
What is the remainder when 1213675 is divided by 177?
163
Calculate the remainder when 1052486 is divided by 55389.
95
Calculate the remainder when 1259432 is divided by 1099.
1077
What is the remainder when 1826325 is divided by 370?
5
What is the remainder when 669166 is divided by 373?
4
Calculate the remainder when 3548709 is divided by 5599.
4542
What is the remainder when 37290007 is divided by 956154?
1
What is the remainder when 349201 is divided by 4157?
13
Calculate the remainder when 313071 is divided by 4283.
412
Calculate the remainder when 50920 is divided by 4195.
580
Calculate the remainder when 1736306 is divided by 868151.
4
Calculate the remainder when 379551 is divided by 189259.
1033
Calculate the remainder when 3074915695 is divided by 17.
14
What is the remainder when 860288 is divided by 860108?
180
What is the remainder when 46850801 is divided by 364?
361
Calculate the remainder when 786729 is divided by 22473.
174
What is the remainder when 45880 is divided by 2831?
584
What is the remainder when 1541629 is divided by 43?
36
What is the remainder when 293198 is divided by 1171?
448
What is the remainder when 1261737 is divided by 1260371?
1366
Calculate the remainder when 690318 is divided by 690317.
1
What is the remainder when 697471 is divided by 2667?
1384
Calculate the remainder when 28063686 is divided by 277.
262
Calculate the remainder when 1331104 is divided by 2753.
1405
Calculate the remainder when 35752327 is divided by 33.
28
Calculate the remainder when 4369310 is divided by 156.
62
Calculate the remainder when 26647 is divided by 4.
3
Calculate the remainder when 38381499 is divided by 10.
9
What is the remainder when 2193126 is divided by 2481?
2403
Calculate the remainder when 78875005 is divided by 98.
97
What is the remainder when 9576 is divided by 9544?
32
Calculate the remainder when 5792314 is divided by 2246.
2126
Calculate the remainder when 1624327 is divided by 541345.
292
What is the remainder when 613747 is divided by 190?
47
What is the remainder when 14923892 is divided by 1492389?
2
What is the remainder when 12877161 is divided by 54?
51
Calculate the remainder when 185075 is divided by 36991.
120
What is the remainder when 421777 is divided by 21035?
1077
What is the remainder when 17671 is divided by 315?
31
What is the remainder when 233296468 is divided by 2123?
2121
What is the remainder when 655674 is divided by 655023?
651
Calculate the remainder when 4228205 is divided by 2378.
121
What is the remainder when 644902 is divided by 1641?
1630
What is the remainder when 252708 is divided by 81?
69
Calculate the remainder when 970208 is divided by 64675.
83
What is the remainder when 3077082 is divided by 2716?
2570
What is the remainder when 10337378 is divided by 4568?
4562
Calculate the remainder when 10684094 is divided by 414.
410
Calculate the remainder when 11173823 is divided by 84650.
23
What is the remainder 